{"id":7,"date":"2019-01-10T13:57:47","date_gmt":"2019-01-10T12:57:47","guid":{"rendered":"http:\/\/villanizas.com\/?page_id=7"},"modified":"2022-12-29T17:18:28","modified_gmt":"2022-12-29T16:18:28","slug":"contact","status":"publish","type":"page","link":"https:\/\/villanizas.com\/index.php\/contact\/","title":{"rendered":"Reviews"},"content":{"rendered":"<div dir=\"auto\"><span style=\"color: #0000ff;\">&#8220;My wife and I have spent 2 or 3 weeks every spring in Villa Nizas since 2016.\u00a0<\/span><\/div>\n<div dir=\"auto\">\u00a0<\/div>\n<div dir=\"auto\"><span style=\"color: #0000ff;\">The location is very quiet on the edge of the village, which has a shop, cafe and post office. Pezenas is 10 minutes drive away, a beautiful medieval town with shops and restaurants, and a superb market every Saturday. The Mediterranean coast is about 35 minutes away, Sete, Agde &amp; Marseillan all worth a visit. The famous canal du midi is also close by.<\/span><\/div>\n<div dir=\"auto\">\u00a0<\/div>\n<div dir=\"auto\"><span style=\"color: #0000ff;\">The villa itself is very spacious and has been redecorated and newly furnished under Brigitte and Simons stewardship.<\/span><\/div>\n<div dir=\"auto\">\u00a0<\/div>\n<div dir=\"auto\"><span style=\"color: #0000ff;\">The pool is lovely and is fenced off for security for children.<\/span><\/div>\n<div dir=\"auto\">\u00a0<\/div>\n<div dir=\"auto\"><span style=\"color: #0000ff;\">Brigitte and Simon, who live in the area, are always helpful any problems being dealt with very quickly.<\/span><\/div>\n<div dir=\"auto\">\u00a0<\/div>\n<div dir=\"auto\"><span style=\"color: #0000ff;\">Highly recommend this villa, you won&#8217;t be disappointed.&#8221;<\/span><\/div>\n<div dir=\"auto\">\u00a0<\/div>\n<div dir=\"auto\"><span style=\"color: #0000ff;\">Richard &amp; Penny (Torquay).\u00a0 \u00a0<strong><em>May 2019<\/em><\/strong><\/span><\/div>\n<div dir=\"auto\">\u00a0<\/div>\n<p><span style=\"color: #ff6600;\">&#8220;We had a fantastic week in this lovely villa.\u00a0 There was a heatwave, so we\u00a0 didn&#8217;t really go anywhere, just stayed in the pool most of the time !\u00a0 \u00a0 \u00a0 \u00a0 \u00a0 \u00a0 <\/span><span style=\"color: #ff6600;\">The rooms are fairly large, which was nice, and lots of cupboard space in the twin room.\u00a0 \u00a0There is shade at the back of the villa.&#8221;\u00a0 \u00a0 \u00a0 \u00a0 \u00a0 \u00a0 \u00a0 \u00a0 \u00a0 \u00a0 \u00a0 \u00a0 \u00a0 \u00a0 \u00a0 \u00a0\u00a0<\/span><\/p>\n<p><span style=\"color: #ff6600;\">John &amp; Anita (Dorset).\u00a0 \u00a0 <strong><em>\u00a0June 2019<\/em><\/strong><\/span><\/p>\n<p>\u00a0<\/p>\n<p>\u201cWe spent 11 nights at Villa Nizas in July and enjoyed its peaceful location on the edge of the village. The villa was clean and well equipped, and the pool was lovely. Brigitte the owner, and her husband live only 10 minutes away and were both very friendly and helpful responding quickly to all of our requests.&#8221;<\/p>\n<p>Robert and Julie (Scotland).\u00a0 \u00a0<em><strong>July 2019<\/strong><\/em><\/p>\n<p>\u00a0<\/p>\n<div dir=\"auto\"><span style=\"color: #339966;\">&#8220;We had a wonderful stay in Villa Nizas. Brigitte was a superb host through the whole process from booking, to welcoming us at the villa in person and providing recommendations during our stay.<\/span><\/div>\n<div dir=\"auto\"><span style=\"color: #339966;\">The villa is very well presented and in a nice peaceful location.\u00a0 \u00a0The local shop is a short walk and provided our fresh baguettes and croissant each day.<\/span><br \/><span style=\"color: #339966;\">The pool was the highlight for our children along with Brigitte&#8217;s recommendation of canoeing on the river Orb.&#8221;<\/span><\/div>\n<div dir=\"auto\">\u00a0<\/div>\n<div dir=\"auto\"><span style=\"color: #339966;\">Jane (Wimborne)\u00a0 <strong><em>August 2019\u00a0<\/em><\/strong><\/span><\/div>\n<div dir=\"auto\">\u00a0<\/div>\n<p><span style=\"color: #0000ff;\">&#8220;Fabulous villa in a perfect setting and it has everything you could want including a beautiful pool.\u00a0 Brigitte is extremely helpful if you should need her for anything.\u00a0 The restaurants in Pezenas are 10 minutes drive and are numerous and great, 30 minutes from beaches in Meze. We had a lovely 2 weeks and have already booked for next year our 7th year at this villa. Thank you Brigitte and Simon.&#8221;\u00a0 \u00a0 \u00a0\u00a0<\/span><\/p>\n<p><span style=\"color: #0000ff;\">Michele\u00a0 <em><strong>September 2019<\/strong><\/em><\/span><\/p>\n<p>\u00a0<\/p>\n<p><span style=\"color: #ff6600;\">An 11 night stay at Villa Nizas was a formidable and memorable holiday! Brigitte, was immensely helpful and supportive from the moment I made contact with her. An ideal host who is not only professional but friendly and personable.\u00a0<\/span><br data-rich-text-line-break=\"true\" \/><span style=\"color: #ff6600;\">The location is just amazing in the small beautiful, picturesque village of Nizas. If you want peace and serenity whilst just a mere 4 mile drive to the nearest town of Pezenas, which has everything you would need from a good sized Lidl to a huge Carrefour, then Villa Nizas is the one for you!<\/span><br data-rich-text-line-break=\"true\" \/><span style=\"color: #ff6600;\">The Villa itself is a 2 bed with ample space inside and out! The swimming pool is just the right size and depth, especially for children. The security gates around it give the parents extra peace of mind and the sounds of various birds and crickets is blissful !<\/span><\/p>\n<p><span style=\"color: #ff6600;\">Mohamed\u00a0 (London)\u00a0 <em><strong>June 2020<\/strong><\/em><\/span><\/p>\n<p>\u00a0<\/p>\n<div>\n<div class=\"TSUbDb w6Pmwe\">We Visited in June 2022 with our Border Terrier. There was only the two of us and the dog but the villa is plenty big enough for four, and room for friends to come for dinner round the big dining table! The grounds are secure for a small dog, I didn&#8217;t have to watch where she was, apart from when she was walking round the wall of the pool!<\/div>\n<\/div>\n<div>\n<div class=\"Jtu6Td dvSRve\"><span class=\"f5axBf\" data-ved=\"2ahUKEwi768jcmZ_8AhWoTaQEHSEMCCEQjSt6BAgBECE\"><span class=\"f5axBf\" data-ved=\"2ahUKEwi768jcmZ_8AhWoTaQEHSEMCCEQjSt6BAgBECE\"><span tabindex=\"-1\" data-expandable-section=\"\"><span class=\"review-full-text\"><br \/>The village shop is a short walk and my husband went every day to get a baguette, it is open every day. We had fish and chips twice on Sundays, an untraditional take, but a break from cooking.<\/span><\/span><\/span><\/span>\n<p>\u00a0<\/p>\n<p>The facilities at the villa are very good, you don&#8217;t have to take your favourite sharp knife for cooking, the knives are all sharp! There is everything you need to knock up all but the most complicated things in the kitchen, but who wants to do that on holiday? Plus a huge fridge\/freezer!<\/p>\n<p>All the wifi and tv\/dvd equipment worked easily, very reliable wifi which is not always the case in the small villages. The bedrooms are airy and quiet, the wardrobe space is enviable!<\/p>\n<p>The outside equipment is again of a high quality, there is shade from trees and a large parasol, the pool is all one depth and easy to get into via the built in steps. It is kept sparkling by Simon on a weekly basis.<\/p>\n<p>To sum up, we are planning another trip to Villa Nizas, the perfect place to unwind!<\/p>\n<\/div>\n<\/div>\n<div>\u00a0<\/div>\n<div>Bridget &#8211; June 2022<\/div>\n<div>\u00a0<\/div>\n<div>\u00a0<\/div>\n<div>\u00a0<\/div>\n<div>\n<div class=\"TSUbDb w6Pmwe\"><span style=\"color: #339966;\">We have recently returned from Villa Nizas and had the most wonderful time. <\/span><\/div>\n<div class=\"TSUbDb w6Pmwe\"><span style=\"color: #339966;\">The villa far exceeded our expectations &#8211; the living area and bedrooms are more spacious than the photos show. It has a really homely feel and has everything that you need. <\/span><\/div>\n<div class=\"TSUbDb w6Pmwe\"><span style=\"color: #339966;\">The private pool was a big draw for us as a family and it was so welcoming and helped to cool us down as it was around 30 degrees for the week of our stay. The extras tucked away in the garage were brilliant and with every visitor being different you will find what you need (bikes, inflatables, sunbed cushions to list a few). <\/span><\/div>\n<div class=\"TSUbDb w6Pmwe\"><span style=\"color: #339966;\">We loved the peaceful location, watching for the lizards and bats of an evening. We have never had such clear skies free of light pollution and we enjoyed stargazing until late at night. The Wi-Fi was reliable (which isn&#8217;t always the case in holiday accommodation). <\/span><\/div>\n<div class=\"TSUbDb w6Pmwe\"><span style=\"color: #339966;\">Our stay was delayed a couple of times because of Covid but it was well worth the wait. We really thought we would venture further afield during our stay but we didn&#8217;t feel the need to and could have happily stayed in the villa for the whole week (we did visit Sete &amp; Beziers). We drove to Roujan when we needed supplies which was about a 10 minute drive but there are options in Pezenas too (also about 10mins). <\/span><\/div>\n<div class=\"TSUbDb w6Pmwe\"><span style=\"color: #339966;\">From the initial booking right up the stay Brigitte was brilliant and an excellent host. We really hope to return again one day but if we don&#8217;t we have memories to treasure. If you want to get away from it all get in touch with Brigitte &#8211; you won&#8217;t regret it!<\/span><\/div>\n<\/div>\n<div>\n<div class=\"Jtu6Td dvSRve\"><span class=\"f5axBf\" style=\"color: #339966;\" data-ved=\"2ahUKEwi768jcmZ_8AhWoTaQEHSEMCCEQjSt6BAgBECo\"><span class=\"review-full-text\"><br \/>The 12 year olds review, it was amazing, lovely, beautiful and comfortable. I had the time of my life! \ud83d\ude42<\/span><\/span><\/div>\n<div class=\"hTt9T\">\u00a0<\/div>\n<div><span class=\"xdR1zd\" style=\"color: #339966;\">Sarah &#8211; <em><strong>August 2022<\/strong><\/em><\/span><\/div>\n<div>\u00a0<\/div>\n<div>\u00a0<\/div>\n<\/div>\n<div>\n<div class=\"TSUbDb w6Pmwe\"><span style=\"color: #0000ff;\">We had a fabulous holiday in Villa Nizas. Simon &amp; Brigitte are the perfect hosts so helpful and friendly. Spacious villa &#8211; so comfortable. Pool was lovely. The village of Nizas was just as if time had stood still so peaceful and picturesque. A visit to nearby Pezenas and its old town is a must. Ideal base to visit so many places.<\/span><\/div>\n<\/div>\n<div>\u00a0<\/div>\n<div><span style=\"color: #0000ff;\">Julie &#8211; <strong><em>September 2022<\/em><\/strong><\/span><\/div>\n<div>\u00a0<\/div>\n\n\n<p><\/p>\n\n\n\n<p><\/p>\n\n\n\n<iframe src=\"https:\/\/www.google.com\/maps\/embed?pb=!1m18!1m12!1m3!1d5756523.731207898!2d-0.2683339342281722!3d47.298798570451915!2m3!1f0!2f0!3f0!3m2!1i1024!2i768!4f13.1!3m3!1m2!1s0x12b169f9e247d899%3A0xd0d2e658a6caff9a!2sNizas!5e0!3m2!1sen!2sfr!4v1548065808653\" width=\"600\" height=\"450\" frameborder=\"0\" style=\"border:0\" allowfullscreen=\"\"><\/iframe>\n","protected":false},"excerpt":{"rendered":"<p>&#8220;My wife and I have spent 2 or 3 weeks every spring in Villa Nizas since 2016.\u00a0 \u00a0 The location is very quiet on the edge of the village, which has a shop, cafe and post office. Pezenas is 10<\/p>\n","protected":false},"author":1,"featured_media":0,"parent":0,"menu_order":9,"comment_status":"closed","ping_status":"closed","template":"","meta":{"spay_email":""},"yoast_head":"<!-- This site is optimized with the Yoast SEO plugin v15.6.2 - https:\/\/yoast.com\/wordpress\/plugins\/seo\/ -->\n<title>Reviews - Villa Nizas<\/title>\n<meta name=\"robots\" content=\"index, follow, max-snippet:-1, max-image-preview:large, max-video-preview:-1\" \/>\n<link rel=\"canonical\" href=\"https:\/\/villanizas.com\/index.php\/contact\/\" \/>\n<meta property=\"og:locale\" content=\"en_GB\" \/>\n<meta property=\"og:type\" content=\"article\" \/>\n<meta property=\"og:title\" content=\"Reviews - Villa Nizas\" \/>\n<meta property=\"og:description\" content=\"&#8220;My wife and I have spent 2 or 3 weeks every spring in Villa Nizas since 2016.\u00a0 \u00a0 The location is very quiet on the edge of the village, which has a shop, cafe and post office. Pezenas is 10\" \/>\n<meta property=\"og:url\" content=\"https:\/\/villanizas.com\/index.php\/contact\/\" \/>\n<meta property=\"og:site_name\" content=\"Villa Nizas\" \/>\n<meta property=\"article:publisher\" content=\"https:\/\/www.facebook.com\/VillaNizas\" \/>\n<meta property=\"article:modified_time\" content=\"2022-12-29T16:18:28+00:00\" \/>\n<meta name=\"twitter:card\" content=\"summary_large_image\" \/>\n<meta name=\"twitter:label1\" content=\"Estimated reading time\">\n\t<meta name=\"twitter:data1\" content=\"6 minutes\">\n<script type=\"application\/ld+json\" class=\"yoast-schema-graph\">{\"@context\":\"https:\/\/schema.org\",\"@graph\":[{\"@type\":\"WebSite\",\"@id\":\"https:\/\/villanizas.com\/#website\",\"url\":\"https:\/\/villanizas.com\/\",\"name\":\"Villa Nizas\",\"description\":\"\",\"potentialAction\":[{\"@type\":\"SearchAction\",\"target\":\"https:\/\/villanizas.com\/?s={search_term_string}\",\"query-input\":\"required name=search_term_string\"}],\"inLanguage\":\"en-GB\"},{\"@type\":\"WebPage\",\"@id\":\"https:\/\/villanizas.com\/index.php\/contact\/#webpage\",\"url\":\"https:\/\/villanizas.com\/index.php\/contact\/\",\"name\":\"Reviews - Villa Nizas\",\"isPartOf\":{\"@id\":\"https:\/\/villanizas.com\/#website\"},\"datePublished\":\"2019-01-10T12:57:47+00:00\",\"dateModified\":\"2022-12-29T16:18:28+00:00\",\"inLanguage\":\"en-GB\",\"potentialAction\":[{\"@type\":\"ReadAction\",\"target\":[\"https:\/\/villanizas.com\/index.php\/contact\/\"]}]}]}<\/script>\n<!-- \/ Yoast SEO plugin. -->","jetpack_sharing_enabled":true,"jetpack_shortlink":"https:\/\/wp.me\/PaHhi3-7","jetpack-related-posts":[{"id":59,"url":"https:\/\/villanizas.com\/index.php\/legal-notices\/","url_meta":{"origin":7,"position":0},"title":"Legal Notices","date":"11 January 2019","format":false,"excerpt":"MENTIONS LEGALES Nous vous remercions de votre visite sur le site www.villanizas.com (ci-apr\u00e8s le \u201cSite\u201d) Informations g\u00e9n\u00e9rales : Ce site est propri\u00e9t\u00e9 de : Brigitte Kerridge Nom du responsable publication : Brigitte Kerridge Ce site a \u00e9t\u00e9 cr\u00e9\u00e9 par : Brigitte Kerridge et Suzanne Fitzgerald Ce site est maintenu par\u2026","rel":"","context":"Similar post","img":{"alt_text":"","src":"","width":0,"height":0},"classes":[]},{"id":15,"url":"https:\/\/villanizas.com\/","url_meta":{"origin":7,"position":1},"title":"Home","date":"11 January 2019","format":false,"excerpt":"Villa Nizas with Private Pool Villa Nizas Villa Nizas with private pool is an idyllic southern French villa. It is set down a private track on the edge of the quiet, medieval village of Nizas. Walking Distance to Restaurants & Amenities. The large village shop sells everything you can need\u2026","rel":"","context":"Similar post","img":{"alt_text":"","src":"https:\/\/i2.wp.com\/villanizas.com\/wp-content\/uploads\/2019\/01\/23-View-of-Nizas-village.jpg?resize=350%2C200&ssl=1","width":350,"height":200},"classes":[]},{"id":10,"url":"https:\/\/villanizas.com\/index.php\/reservations\/","url_meta":{"origin":7,"position":2},"title":"Availability","date":"11 January 2019","format":false,"excerpt":"Please don't hesitate to contact us if you have any questions or would like to book. Contact Brigitte Kerridge 00 33 6 21 90 05 21 Email : Brigitte.Nizas@hotmail.com Availability as at 30\/03\/2026 Rental Rates Start DateEnd Date7 Nights\u00a01 Jan 2026\u00a031 May 2026\u00a36001 June 202630 Jun 2026\u00a37801 Jul 202629 Aug\u2026","rel":"","context":"Similar post","img":{"alt_text":"","src":"","width":0,"height":0},"classes":[]},{"id":30,"url":"https:\/\/villanizas.com\/index.php\/the-villa\/","url_meta":{"origin":7,"position":3},"title":"The Villa","date":"11 January 2019","format":false,"excerpt":"Villa Nizas, piscine priv\u00e9e Villa Nizas, location Bedrooms A large bright and modern bedroom with a double bed. Bedroom 2 Freshly decorated bright airy twin room.\u00a0 Needless to say, made with our pure cotton bed linen and generous pillows.\u00a0 Large fitted wardrobes have room for all your things. Villa Nizas,\u2026","rel":"","context":"Similar post","img":{"alt_text":"Villa Nizas","src":"https:\/\/i1.wp.com\/villanizas.com\/wp-content\/uploads\/2024\/06\/VILLA-NIZAS-41-scaled.jpeg?resize=350%2C200&ssl=1","width":350,"height":200},"classes":[]},{"id":54,"url":"https:\/\/villanizas.com\/index.php\/how-to-find-us\/","url_meta":{"origin":7,"position":4},"title":"How to find us..","date":"11 January 2019","format":false,"excerpt":"Villa Nizas is situated in the beautiful winemaking village of Nizas. We are easily accessible from a number of local and regional airports by car. 4, Chemin des Ch\u00e2taigniers, 34320, Nizas How to find us... AIRPORTS Bezier approx. 25 mins Montpellier 45 mins Carcassonne 1 hour and 15 mins Nimes\u2026","rel":"","context":"Similar post","img":{"alt_text":"","src":"","width":0,"height":0},"classes":[]}],"_links":{"self":[{"href":"https:\/\/villanizas.com\/index.php\/wp-json\/wp\/v2\/pages\/7"}],"collection":[{"href":"https:\/\/villanizas.com\/index.php\/wp-json\/wp\/v2\/pages"}],"about":[{"href":"https:\/\/villanizas.com\/index.php\/wp-json\/wp\/v2\/types\/page"}],"author":[{"embeddable":true,"href":"https:\/\/villanizas.com\/index.php\/wp-json\/wp\/v2\/users\/1"}],"replies":[{"embeddable":true,"href":"https:\/\/villanizas.com\/index.php\/wp-json\/wp\/v2\/comments?post=7"}],"version-history":[{"count":50,"href":"https:\/\/villanizas.com\/index.php\/wp-json\/wp\/v2\/pages\/7\/revisions"}],"predecessor-version":[{"id":1485,"href":"https:\/\/villanizas.com\/index.php\/wp-json\/wp\/v2\/pages\/7\/revisions\/1485"}],"wp:attachment":[{"href":"https:\/\/villanizas.com\/index.php\/wp-json\/wp\/v2\/media?parent=7"}],"curies":[{"name":"wp","href":"https:\/\/api.w.org\/{rel}","templated":true}]}}